+ s. List the prime factors of w.
2, 3, 5
What are the prime factors of 55/(-5)*(-31 - 6)?
11, 37
Suppose -10*p = -5*p - 20. Suppose p*j - 260 = -0*j. List the prime factors of j.
5, 13
Let j(n) be the third derivative of n**6/120 + 11*n**5/60 + n**4/8 + 9*n**2. What are the prime factors of j(-10)?
2, 5, 7
Suppose -12*f + 7251 + 2313 = 0. What are the prime factors of f?
797
Suppose 4*t = -2*f + 10110, -33*f = -2*t - 30*f + 5035. What are the prime factors of t?
5, 101
Let k = 9159 + -6227. List the prime factors of k.
2, 733
Suppose 2*j + 7 = -2*r - 1, -3*j = -5*r - 28. Let w(t) be the first derivative of 4*t**4 - 2*t**3/3 + t + 2. List the prime factors of w(j).
3, 5
Let t = 1914 - 1237. List the prime factors of t.
677
Suppose 3 = -2*f + f. Let y(k) = -6*k**3 - 2*k**2 - 3*k + 5. List the prime factors of y(f).
2, 79
Let b(j) = -j**2 - 10*j + 2. Let n be b(-10). Let i be (-60)/(n + -5) - 0. Suppose -i = -3*r + 46. List the prime factors of r.
2, 11
Suppose -2*z + 212 = -2*g, 2*z - 4*g = -z + 323. Let i = z - 27. What are the prime factors of i?
2, 37
Let j(n) = n**2 - n + 1. Let o(u) = 8*u**2 - 5*u + 3. Let t(l) = -j(l) + o(l). What are the prime factors of t(3)?
53
Suppose 0 = -f + 4 - 5. Let c be 606/(-10) + (-9)/(-15). What are the prime factors of (f/2)/(2/c)?
3, 5
Let o be 60/45 + 32/(-6). What are the prime factors of (-4)/(32/(-954)) + o/16?
7, 17
Let w be (8/(-24))/((-1)/36). Suppose -4*m = -128 + w. List the prime factors of m.
29
Let k = 15 + -14. Suppose k + 11 = 3*r. What are the prime factors of 5*(r + -1 + 5)?
2, 5
Suppose 1224*a + 1568 = 1238*a. List the prime factors of a.
2, 7
Let t(y) = 2*y**2 + 11*y - 10. Let s(v) = -6*v**2 - 34*v + 29. Let f(k) = 6*s(k) + 17*t(k). What are the prime factors of f(-8)?
2, 3
Suppose -m = 3*m + 32. What are the prime factors of 39 - (-4 + m/(-2))?
3, 13
Let h(j) be the first derivative of -j**2/2 + 8*j - 6. Let d be h(6). What are the prime factors of (1/d)/((-7)/(-238))?
17
Let c = 14 + -4. Let v = -12 + c. List the prime factors of ((-5)/15)/(v/348).
2, 29
Suppose u - 5*u = -8. Let d be (-4)/u + (8 - 6). Suppose -3*g - 2*m + 70 = d, -g - g + m = -56. List the prime factors of g.
2, 13
Let i(u) = 3345*u**2 + 8*u - 8. What are the prime factors of i(1)?
3, 5, 223
Let m be 3*((-8)/(-6))/2. Let v = 107 - 105. Suppose m*l + 2*w - 30 = 0, v*l = -l + 4*w + 59. List the prime factors of l.
17
Let b(t) = -6*t**2 + 3*t**3 + 3 + 5*t - 3*t + 5*t - 3*t. Let g be b(4). Suppose 2*q = -3*q - 2*m + g, 0 = -5*q + 2*m + 115. What are the prime factors of q?
23
Suppose -u = -5*w + 107, -3*u = -w + 42 - 15. Let l = w + -5. List the prime factors of l.
2
Suppose -5037 = -3*j + 5*g, -2*j = -j - g - 1679. List the prime factors of j.
23, 73
Suppose 17*f - 12376 = 19516. List the prime factors of f.
2, 7, 67
Let x = 55 - 61. Suppose 3*v + 40 = 2*y, -4*y + 0 = -4*v - 60. Let f = x - v. List the prime factors of f.
2
Let q be 1227/12 + (-2)/8. Let a(d) = -4*d**3 + 3*d**2 + 5*d + 3. Let f be a(-1). Suppose -5*k + 4*o = -186, f*k + o = q + 64. List the prime factors of k.
2, 17
List the prime factors of ((-73192)/280)/((-1)/5).
1307
Suppose -51*f - 49164 = -235008. What are the prime factors of f?
2, 911
Suppose 0 = -7*h + 1119 + 2451. List the prime factors of h.
2, 3, 5, 17
Let p = -70 + -20. What are the prime factors of (-7 - -6)/(2/p)?
3, 5
Let v(s) = 7*s + 13. Let j be v(-4). Let i be 15/(-6)*18/j. Suppose 65 + 10 = i*u. List the prime factors of u.
5
Let y be (-2)/(-14) - (2 + (-78)/42). Let h(d) = -d + 198. List the prime factors of h(y).
2, 3, 11
Let j = -2047 + 3213. List the prime factors of j.
2, 11, 53
Let m = -5 - -9. Suppose 0 = 3*d - m*a - 119, -a + 3*a + 172 = 4*d. What are the prime factors of (-47)/(-9) + (-10)/d?
5
Suppose 3*q - 459 = -3*f, -7*f + 306 = 2*q - 6*f. What are the prime factors of q?
3, 17
What are the prime factors of ((-5)/1 - (-15)/5) + 894?
2, 223
Suppose o = 3*i + 2283, 432 - 9546 = -4*o + 3*i. List the prime factors of o.
3, 11, 23
Suppose 2*c - 4 = -0. Let a(i) = 0*i**2 + 8 - i**3 - 5*i**2 - 7*i**2 + i**2 - c*i. List the prime factors of a(-11).
2, 3, 5
Suppose 5*d = 3*d. Suppose -30 = 5*c + 5*h, d*c - c - 3 = 2*h. Let r = c - -14. What are the prime factors of r?
5
Let p = 1435 - 782. List the prime factors of p.
653
Suppose -616*m + 598*m = -9342. What are the prime factors of m?
3, 173
What are the prime factors of (147/6)/((-3)/(-6))?
7
Suppose 2 = 3*u + 5*w, 3*u - 4*w - 21 = -1. Suppose 2*s - 4*x - 138 = 0, u*s - 2*x + 3*x - 231 = 0. What are the prime factors of s?
59
Let j(v) = 4*v**2 - 78*v - 18. List the prime factors of j(-8).
2, 431
Suppose 2*m + 122 = 2*w + 12, w - 57 = -m. Suppose 60 = 2*k - h, k = 3*k - 3*h - w. List the prime factors of k.
31
Let q = 98 + 388. List the prime factors of q.
2, 3
Let v be (-3)/2 + 98/28. Suppose 2*j + 2*c = -0*c - 34, -20 = -5*c. What are the prime factors of (78/j)/(v/(-14))?
2, 13
Let o(q) = 3*q - 2. Let k be o(4). Let z = 12 - k. Suppose z*n = 6*n - 48. What are the prime factors of n?
2, 3
Let s = -1751 - -3035. List the prime factors of s.
2, 3, 107
Suppose -3*n = -7*f + 4*f - 9, -3*f = -5*n + 15. Let p be 6/n - -1 - 0. Suppose -6 = -x + p. List the prime factors of x.
3
Let l(i) = 10*i**3 - i**2 - 8*i + 6. List the prime factors of l(3).
3
Let u = -28 - -61. Let l = u - 18. What are the prime factors of l?
3, 5
Suppose -720 = -5*r + 2*a + 3*a, -a - 740 = -5*r. List the prime factors of r.
149
Suppose 3601 = 4*k - 17*k. Let x = -188 - k. What are the prime factors of x?
89
Let x = -12 - -22. Let t be 2*(-3)/x*-5. List the prime factors of (-54)/(-5) + t/15.
11
Suppose -q = -u + 461, -5*u + 3*q - 2*q = -2317. Suppose -s + u = 3*s. Suppose -4*r + 64 = -s. What are the prime factors of r?
3, 5
Suppose 3*n = -o - 3*o + 5632, 0 = 5*n. What are the prime factors of o?
2, 11
List the prime factors of (-42976)/(-51) - 8/(-6).
2, 211
Let l be 0/(0 + -4) + 9. What are the prime factors of 4 + -5 + l/3?
2
Suppose -419 = -2*f + h + 621, -2090 = -4*f - 3*h. What are the prime factors of f?
521
Suppose -10988 = -7*y + 5644. List the prime factors of y.
2, 3, 11
Suppose 3*w + w = 12. Suppose 0 = -w*a - 4*f - 11, -6 - 1 = -4*a - f. List the prime factors of a.
3
List the prime factors of (2795/15)/((-7)/(-21)).
13, 43
Let h be 1 - (73 + 1 + 2). Let y = -35 - h. Suppose 3*f + f - y = 0. List the prime factors of f.
2, 5
Suppose -4*l + 12 = -2*h, -4*h - 5*l = -6*h - 17. Let a be 77 + -1 - (-5 + 3). Suppose m - 82 = -h*u + a, -m = -4. What are the prime factors of u?
3, 13
Suppose 4*k + 0*k + 2*m - 1022 = 0, -m - 251 = -k. List the prime factors of k.
2, 127
Let l(s) = 5*s - 3. Let m be l(2). Suppose 4*j - m = 5. List the prime factors of j.
3
Let v = -191 - -429. List the prime factors of 3598/v - (-2)/(-17).
3, 5
Let j(t) = t**3 - 16*t**2 + 16*t - 64. List the prime factors of j(19).
3, 7
Suppose -3*h = -5*s - 27 - 13, -2*s - 16 = 5*h. Let y(t) be the first derivative of -t**4/4 - 7*t**3/3 + 7*t**2/2 + t + 5. List the prime factors of y(s).
3
Suppose -7*u = -499 - 516. List the prime factors of u.
5, 29
Let a(t) = -t**3 + 14*t**2 + 7*t + 12. Let h be a(13). Suppose 0 = 4*r + 2*y - h, -5*r + 161 + 165 = -y. What are the prime factors of r?
2, 3, 11
Suppose 4*v = 3*i - 3003, 0 = 2*v - 3*v. List the prime factors of i.
7, 11, 13
List the prime factors of 2 + (-10)/8 - 33383/(-76).
2, 5, 11
Let q(h) = -h**3 + 4*h**2 - 3*h. Let z be q(2). Let m(t) = 15*t - 1. What are the prime factors of m(z)?
29
Suppose w - 8 = -b - 0*b, w + 3*b - 4 = 0. Suppose 5 + w = 5*a. What are the prime factors of a?
3
Suppose -5*k = -3*l + 7935, 0 = -l - 3*k + 5*k + 2644. List the prime factors of l.
2, 5, 53
Suppose -f = 5*w - 651, 2*f - 5*f - 143 = -w. Suppose -x + 4*q = -17, 0 = 3*x + 2*q + 2*q - w. What are the prime factors of x?
37
Suppose -4*a + 12 = -4. Suppose 2*o - 202 = -5*t + 7*t, 2*o - 192 = a*t. List the prime factors of o.
2, 53
Let a = -44 - -92. Suppose 19 - 1 = 3*u + w, -2*w = 4*u - 26. Suppose 2*f - u*f = -a. What are the prime factors of f?
2
Let b(m) = 3*m**3 + 2*m**2 - m + 392. What are the prime factors of b(0)?
2, 7
Suppose 0 = -2*l - 3*r + 240, 6*l - l + 3*r - 609 = 0. What are the prime factors of l?
3, 41
Let m = 0 + 1. Suppose -5*t = b + m +